 of (54/6 - 10)/((-1)/997)?
7
Let h = -10 - -10. Suppose h = -4*n + 162 + 118. What is the units digit of n?
0
Let y = -35 - -34. What is the units digit of (-1 - -3) + (-26)/y?
8
Let n = 1543 + -1012. What is the hundreds digit of n?
5
What is the units digit of 237 + 7*18/21?
3
Suppose -3*w = -2*q - 3306, -3*q - 2908 = -5*w + 2603. What is the thousands digit of w?
1
Let d(w) = 57*w**2 - 33. What is the tens digit of d(6)?
1
Suppose 0*r + 365 = 4*v + 3*r, 0 = -v - 3*r + 80. Suppose -v = -6*s + 163. What is the units digit of s?
3
Let k = -12 - -7. Suppose 5*r - 762 = 3*y, 2*y + 320 = 2*r - 3*y. What is the units digit of ((-4)/10)/(k/r)?
2
Let p = -13 + 117. What is the hundreds digit of p?
1
Let y(p) = -17*p - 29. Let o(i) = 1. Let s(h) = 4*o(h) + y(h). What is the units digit of s(-13)?
6
Suppose 284 = 7*v - 3*v. Suppose v = 2*h - c, c - 12 = -3*c. What is the units digit of h?
7
Suppose -5*h + 120 = 5*a - 2810, -1 = h. What is the hundreds digit of a?
5
Suppose 37*x - 32*x = 15. Suppose 4*s - 124 = x*o, -s + o + 31 = -3*o. What is the tens digit of s?
3
Let d(s) = 0 - 10 + 7*s + s + 15*s**2 + s**3. Let n be d(-13). Suppose -2*o - n = -6*o - 3*z, 4*o + z = 232. What is the units digit of o?
9
Let p = 4880 + -2597. What is the hundreds digit of p?
2
Suppose 0 = -r + 6*r - 30. Suppose -23 = a - 5*f, -2*a + f - r = -f. Suppose 0*m - 98 = -5*m - s, 2*m = -a*s + 44. What is the tens digit of m?
1
Let a = 170 + -167. What is the units digit of a?
3
Let w = 43 + -43. Suppose w = 3*s + 4*s - 588. What is the tens digit of s?
8
Suppose -2*c + 5*z - 2094 = -5500, 5*z + 6802 = 4*c. What is the thousands digit of c?
1
Let i(a) = 65*a - 4. Let z(y) = y**2 - 25*y + 49. Let l be z(23). What is the hundreds digit of i(l)?
1
Let r(f) = 2*f - f + 4*f + 11. Let x be r(7). Suppose x = p + 18. What is the tens digit of p?
2
Suppose -23*i + 20*i - w + 1438 = 0, 0 = -3*i + w + 1448. What is the units digit of i?
1
Let l = -509 + 863. What is the units digit of (0 - l)*(-50)/75?
6
Let q(k) = k**3 - 9*k**2 + 10*k + 3. Let u be q(8). Suppose 12*i = u*i - 126. What is the units digit of i?
8
Suppose 1164 = 25*k - 23*k. What is the hundreds digit of k?
5
Let j(g) = 5*g - 13. Let n be j(3). Let r(o) = 11*o**3 + 4*o**2 - 3*o + 1. What is the units digit of r(n)?
9
Let t be 35/6 + (-2)/(-12). Suppose -64 = -t*h + 14. What is the tens digit of h?
1
Suppose 0 = -3*w + 2*s + 35, s = -4*w + 6*s + 35. Let h(q) = q**2 + 5*q - 3. Let z be h(-6). Suppose w + z = 2*i. What is the units digit of i?
9
Suppose 4*j - 4*g - 1337 = -233, -5*g + 20 = 0. What is the tens digit of j?
8
Suppose 4*j = 2*o + 12, -4*j + 11 = -5*o - 7. Let i = o + 4. Suppose 3*b - 90 = -i*c - 3*c, 0 = c - 4*b - 41. What is the units digit of c?
1
Let i(v) = -5 + 3*v + 2 - 2*v + 10. Let m be i(-6). What is the tens digit of (1 - -38 - -1)*m?
4
Let q(f) = 2*f + 0*f + 39*f**2 - 79*f**2. Let b be q(2). What is the tens digit of b/(-8) - 3/6?
1
Let g be 1*(-3)/(12/88). Let x = g + 39. What is the units digit of x?
7
Let a = 6652 + -4547. What is the hundreds digit of a?
1
Let z(y) = y**2 + 7*y - 10. Let f be z(-7). Let n(w) = -2*w - 10. Let k be n(f). Let h = k - 5. What is the units digit of h?
5
Let g = -10 - -5. Let v = g + 0. What is the units digit of v*(1 - -2 - 10)?
5
Suppose 235*y - 247*y + 13860 = 0. What is the hundreds digit of y?
1
Suppose -5*o - 5*r = -6*o - 25, 0 = -3*r + 15. Suppose 10*z - 5*z - 615 = o. What is the tens digit of z?
2
Let k be ((-2)/(-3))/((-22)/(-5907)). Suppose -4*g - k + 431 = 0. What is the units digit of g?
3
Let r(v) = -6*v - 38*v**3 - 4*v**2 + 1 - 2 + 5*v**2 + 39*v**3. What is the tens digit of r(6)?
1
Let m(b) = 4*b**2 + 81*b + 22. What is the units digit of m(-26)?
0
Let n be (5 - 85/15)/(2/(-69)). Suppose -3*d + n + 28 = 0. What is the units digit of d?
7
Let i(m) = 8*m**2 - 3*m - 28. What is the hundreds digit of i(-7)?
3
Suppose -7*d = -8*d + 15. What is the tens digit of (1 - (-3)/d)/((-3)/(-320))?
2
What is the tens digit of -7*(-12)/28 - -821?
2
Let a(h) = -125*h - 766. What is the units digit of a(-22)?
4
Let n = 1496 - -458. What is the hundreds digit of n?
9
Suppose -5*m - 4*l = -1028 - 2756, 0 = -l - 4. What is the hundreds digit of m?
7
Let v be (12/(-18))/(4/(-1314)). Suppose -4*h - v + 28 = -u, 5*u - 5*h - 925 = 0. What is the tens digit of u?
8
Let g be 6/((3 + 1)/2) + -1. Suppose u = g*u + 3*s - 148, 3*s - 637 = -4*u. What is the units digit of u?
3
Let w(o) = -o**2 - 12*o + 6. Let y be w(-12). Let a = 11 - y. What is the units digit of a - -3*(-4)/12?
4
Let u(d) = -9*d. Let l be u(-1). Suppose 4*j = -n - l, -4*j = 5*n + j. Suppose -4*b + n*r - 9 = -7*b, 2*r - 3 = -b. What is the units digit of b?
3
Let k(s) = 6*s + 2 - 1 + 25 - 5*s. Suppose 0 = -5*w - 4*r - 68, 4*w + r = -4*r - 58. What is the tens digit of k(w)?
1
Suppose 4 = 4*z, 3*z = 4*m - 9*m + 138. What is the tens digit of 60/((m/(-12))/(-3))?
8
Let j = 13 - 10. What is the tens digit of (276/16 - j)*4?
5
Let a(n) = -n**3 - n**2 - 4*n + 5. Let d be a(6). Let b be (-10)/20 - d/2. Let u = b - 76. What is the tens digit of u?
5
Suppose 0 = s + 5*s - 150. Suppose -3*x = -4*j + 2*j + 243, -5*x = s. What is the tens digit of j?
1
Let y(v) be the second derivative of v**5/20 - v**4 + 5*v**3/2 + 5*v**2 - 9*v. Let g be y(11). Let k = g + -13. What is the tens digit of k?
4
Let d be (-5)/(-10) - 28/(-8). Suppose -d*s + 2*s - 104 = -4*x, 5*x = 3*s + 131. What is the units digit of x?
5
Let h(p) = -p**2 + 12*p + 4. Suppose -6*q + 5*q + 8 = 0. Let i = 17 - q. What is the units digit of h(i)?
1
Let r(f) be the third derivative of f**5/60 + f**4/3 - 5*f**3/3 + 13*f**2. Suppose 2*u - 5 = -v + 7, -2*u + 2*v = 0. What is the tens digit of r(u)?
3
Let s = -51 - -53. Suppose -37 = -3*i - x, s*i - 5*x = 7*i - 65. What is the units digit of i?
2
Let x be ((-4)/(-2) - -2) + -3. What is the units digit of x + -4 - 120/(-12)?
7
Suppose -1116 = -h + i, -8*i - 1 = -9*i. What is the thousands digit of h?
1
Let k = 64 - 63. Let b(a) = 67*a**3 + 8*a**2 + 5*a + 11. Let y(z) = -22*z**3 - 3*z**2 - 2*z - 4. Let s(i) = 3*b(i) + 8*y(i). What is the tens digit of s(k)?
2
Suppose 1 = 5*u - 3*o, 3*u + 5*o - 5 = 8*u. Let a be ((-5)/(-10))/(u/156). What is the tens digit of 236/6 + 26/a?
4
Let z(m) = 171*m**2 + 19*m - 61. What is the tens digit of z(4)?
5
Suppose -186 = 2*m - 2*d + 62, 0 = 4*m + 5*d + 505. Let y = -63 - m. Suppose 4*l + h - y - 18 = 0, 0 = -5*l - 2*h + 100. What is the tens digit of l?
2
Suppose 2*n + 8 = 0, -2*o = -5*n - 43 + 17. Suppose -i + 8 = 5*b - 3*b, -o = -3*b. What is the tens digit of 62/1 - i/2?
5
Let g(m) be the first derivative of 7*m**2 - 2 + 6*m - 1/3*m**3. What is the tens digit of g(10)?
4
Let v(t) = t**2 + 16*t - 15. Let q be v(-17). Suppose 4*g - 3*g - 54 = -d, 3*g + 128 = q*d. What is the units digit of d?
8
Let z be (1 + -21)*(-2)/4. Let o(r) = 7*r - 2*r**2 + r**2 + 10 + 5*r. What is the units digit of o(z)?
0
Suppose -3*m = d + 14, -2*m - d - 15 = -6. Let p = m - -10. Let s(c) = -c**2 + 10*c - 2. What is the units digit of s(p)?
3
Let s(r) = 34*r - 412. What is the tens digit of s(22)?
3
Let n(x) = 2*x**3 - 84*x**2 + 15*x + 5. What is the units digit of n(43)?
8
Let j = 10 + -8. What is the units digit of 1/1 + j + (-11 - -202)?
4
Let v(h) = h**2 - 34*h - 122. What is the units digit of v(40)?
8
Suppose 10*c + 3*p - 146 = 9*c, 2*p = -3*c + 473. What is the hundreds digit of c?
1
Let r(f) be the second derivative of 49*f**4/12 - f**3/3 + f**2/2 + 12*f. What is the units digit of r(1)?
8
Suppose -x = -0*x + 62. Let i = 83 + x. What is the tens digit of i?
2
Let z(v) = -v**2 - 3*v + 2. Let k be z(4). Let g be 13/k*(-1 - 5). Suppose -4*f + 139 = 5*l, 0*l + g*l = f - 39. What is the tens digit of f?
3
Suppose -8*m - 1932 = -2*m. Let j be (-6)/(-4) - m/(-28). Let g(q) = -6*q - 24. What is the tens digit of g(j)?
3
Suppose -9*s + 6*s - 161 = -2*r, -2*s - 5*r = 82. Let h be (-2 - 27)*(2 + -1). Let p = h - s. What is the units digit of p?
2
Suppose 4*l - l = -294. Let a = -62 - l. What is the tens digit of a?
3
Suppose -4*o + 78 = 66. Let v(a) = 4 + 4*a**2 + 0*a - a**3 + 1 - 3*a. What is the units digit of v(o)?
5
Suppose 41*k - 3807 = 32*k. What is the hundreds digit of k?
4
Let w(i) = i**2 - 3*i - 3. Supp